re the prime factors of a?
2, 47
Let j = 8973 - 5113. List the prime factors of j.
2, 5, 193
Suppose -72*z = 218 - 3530. List the prime factors of (z + -47)/((-1)/1803).
3, 601
Let o = -14 - -9. Let s be ((o - -1)/(-2) - 3) + 2. Let g(j) = 25*j**3 + 3*j - 2. List the prime factors of g(s).
2, 13
Let g(z) be the first derivative of 18 - 1/4*z**4 - 14*z - 14/3*z**3 - 5/2*z**2. What are the prime factors of g(-14)?
2, 7
Suppose 7*n - 6*n - 2*s - 67468 = 0, 607348 = 9*n - s. What are the prime factors of n?
2, 16871
Suppose 0*d + 7 = -4*d + j, -3*d - 3*j + 6 = 0. Let u be (1 + 3/15)/(36/480). What are the prime factors of (-200)/u*2*d?
5
What are the prime factors of 1/((42/28)/((-49962)/(-4)))?
11, 757
Suppose 0 = -7*l + 946 + 97. Suppose -l = 4*i - 517. What are the prime factors of i?
2, 23
Let m = -376 - -2903. List the prime factors of m.
7, 19
Let x(i) = 3*i - 7*i + i - 4 - 3*i. Let r be 6/(-42) - 111/7. List the prime factors of x(r).
2, 23
Let o(a) = -21*a - 275. Let f be o(9). Let s = -392 - f. What are the prime factors of s?
2, 3
Let b = 35 - 23. Let c = -19 - b. Let g = c - -35. What are the prime factors of g?
2
Let j(z) = -z**2 + 8*z - 2. Let v be j(7). What are the prime factors of v/(100/(-336))*10/(-3)?
2, 7
Suppose 6792561 = 90*l + 627946 - 1154815. What are the prime factors of l?
3, 27109
List the prime factors of 162/1710*193915 + (-2)/(-19).
18371
Let b(x) = -x**2 + 2*x + 204. Let t(u) = -u**3 - 8*u**2 + 12*u + 27. Let r be t(-9). What are the prime factors of b(r)?
2, 3, 17
What are the prime factors of 32416/10 + ((-352)/(-55) - 6)?
2, 1621
What are the prime factors of (144195/(-10))/((12 - 0)/(-24))?
3, 9613
Suppose 3*k - z = -241, 5*k = -z - 310 - 97. Suppose 41*h - 560 = 33*h. Let b = h - k. What are the prime factors of b?
151
Let q(l) = l**3 - 10*l**2 - 17*l + 54. Let u be q(11). Let x(b) = -126*b - 84. What are the prime factors of x(u)?
2, 3, 7, 17
Suppose 3*k + 3 = 0, 5*s - 33387 = -42*k + 44*k. List the prime factors of s.
11, 607
Let y be -4 + (58 - 17)/(1/2). List the prime factors of (-78)/9*(-16029)/y.
13, 137
Suppose -5*d = -2*z + 5*z - 1474, 0 = 4*z - 2*d - 1974. List the prime factors of z.
17, 29
What are the prime factors of (0/2 - -6)/(997810/(-110870) + 9)?
3, 11087
Let u(s) = -1006*s + 4. Let v be u(-7). Suppose w - v = -12*w. List the prime factors of w.
2, 271
Let m = 14487 - -43786. What are the prime factors of m?
19, 3067
Let h(t) = 4431*t + 36. What are the prime factors of h(2)?
2, 3, 1483
Let r(g) = -g**3 + 8*g**2 - 6*g - 5. Let k be r(7). Suppose -18 = w - 4*o - 0*o, 0 = -k*o + 8. List the prime factors of (-1671)/(-15) - w/(-5).
3, 37
Suppose 0 = -3*a - 1 - 11, 3*i - 1165 = -5*a. Let p = i + -227. List the prime factors of p.
2, 3, 7
Suppose 3*h = 2*w + 4, 3*w + 4 = -h + w. Let k(c) = -c**2 + c - 15. Let y be k(h). Let b = y + 104. List the prime factors of b.
89
Suppose 93240 = 3*n + 5*a, -30*n + 35*n - 3*a - 155366 = 0. List the prime factors of n.
5, 11, 113
Let x = -2679 + 1549. Let j be ((-81)/(-135))/(-2*1/x). Suppose -4*g - 3*c + j = g, -2*c = 4. List the prime factors of g.
3, 23
Let q be 242/55 + 2/(-5). Suppose u + 258 = q*u. Suppose -3*j + u = 2*i, 4*j - i = 2*j + 55. What are the prime factors of j?
2, 7
Let f(r) be the second derivative of -3*r**3 - 23*r**2/2 - 55*r. What are the prime factors of f(-9)?
139
Let v(z) = z**3 + 3*z**2 + 6*z + 9. Let q be v(-2). Let r = 3 + q. Suppose 0 = -h + l - r*l + 19, 4*h = 2*l + 104. List the prime factors of h.
5
Suppose 0 = 113*x - 109*x - 16, -3*s + 18383 = 2*x. List the prime factors of s.
5, 7
What are the prime factors of (-1200)/(-2200) - (-1846431)/33?
3, 6217
Let u(r) = 3085*r + 68. Let d(z) = 1542*z + 31. Let g(i) = 7*d(i) - 4*u(i). List the prime factors of g(-1).
3, 7, 71
What are the prime factors of 11237/4 - (28/(-16) - -2)?
53
Let w(h) = -23*h**3 - 9*h**2 - 18*h - 21. What are the prime factors of w(-9)?
3, 5393
List the prime factors of 18915 - ((-4)/(-2 + 18/12) - 7).
2, 7, 193
Let n = -183 - -198. Suppose n*x + x = 2064. List the prime factors of x.
3, 43
Let s be (854/21)/(1 - (-97)/(-99)). List the prime factors of ((-1)/3*-4)/(11/s).
2, 61
What are the prime factors of 1*6/(-12)*-6 + 13926?
3, 4643
Let p(l) = 67*l**2 + 12*l - 25. Let u be p(3). Let o = -236 + u. List the prime factors of o.
2, 3, 7
Suppose -2*m = -w + 496 - 1308, -5*m - 3*w = -2030. Let i = -274 + m. Let j = -36 + i. What are the prime factors of j?
2, 3
Suppose 0 = -4*k + 3*h + 14981, -9*h = 5*k - 8*h - 18731. List the prime factors of k/(6 + (3 - 7))*1.
1873
Suppose -n + x = -0*n - 60, -5*x + 276 = 4*n. Suppose 55 = 2*i - 3*i. Let r = i + n. What are the prime factors of r?
3
Let d be (-10 - -2) + (958 - 21). Suppose 4*b = -u - 7 + 936, 2*b = -u + d. List the prime factors of u.
929
Let i(b) = -b**3 + 2*b**2 + 7*b - 6. Let x be i(6). Let y = x - -64. List the prime factors of (-8811)/y - (-1)/(-4).
2, 5
Let c(m) = -25*m - 27. Let i be c(-12). Let y = i - 87. Suppose -2*b + y = -0*b. List the prime factors of b.
3, 31
Suppose -4*z = 2*t - 17656, 147*z - 2*t - 17648 = 143*z. What are the prime factors of z?
3, 1471
Suppose -12 = -2*j, -6569 = 2*z + 3*j - 66359. What are the prime factors of z?
2, 3, 17, 293
List the prime factors of (1/2)/(((-85)/16700)/(-17)).
2, 5, 167
Suppose 548 = j - 823. What are the prime factors of j/(-2 + -6 + 9)?
3, 457
Suppose 2176 = m - 4*r + 9*r, 0 = 3*m + 5*r - 6578. Let c = -670 + m. What are the prime factors of c?
1531
Let l(h) = 2*h**2 - 2. Let o(j) = -3*j**2 - j + 3. Let w(n) = 5*l(n) + 4*o(n). Let s be w(1). Let q(z) = 6*z**2 + 3*z - 8. List the prime factors of q(s).
2, 19
Let u be (-2 - 2)*(-434)/(-8). Let i = -4483 - -4857. Let m = u + i. What are the prime factors of m?
157
Let m(b) = 2*b**2 + 18*b - 29. Let u be m(-11). What are the prime factors of (u/9)/((-9)/(-783))?
5, 29
Let i(z) = z**3 - 14*z**2 + 14*z + 5. Let k be i(13). Suppose k*w - 338 = 17*w. What are the prime factors of w?
2, 13
Let p = 52 + -19. Suppose -23*u + p*u = 2900. List the prime factors of u.
2, 5, 29
What are the prime factors of (724/(-30))/((-44)/660)?
2, 181
Suppose x = -0*p + 2*p + 1060, -1 = p. Suppose -x = -2*w - 2*f, w + 2*f - 183 = 349. What are the prime factors of w?
2, 263
Let s(d) be the first derivative of 28*d**3/3 - 9*d**2/2 + 25*d + 11. List the prime factors of s(4).
19, 23
Let q(g) = -4530*g + 10. Let j be q(-3). What are the prime factors of j/36 - 10/(-45)?
2, 3, 7
Suppose -w + 22934 = -0*w + 3*y, -3*w + 68806 = 5*y. What are the prime factors of w?
22937
Let c = 16706 - -823. What are the prime factors of c?
3, 5843
Suppose 4*q + 0*q + 236 = 0. Let l = 46 + q. Let n = 135 + l. List the prime factors of n.
2, 61
Suppose -2*s = -4*s + 2*i + 3816, 0 = -4*s - 4*i + 7656. What are the prime factors of s?
3, 7, 13
List the prime factors of 3604395/133 - (-2)/7.
41, 661
Let y(a) = -309*a**3 + 14*a**2 + 23*a - 31. What are the prime factors of y(-3)?
8369
Let i = 25697 + -18286. What are the prime factors of i?
7411
Let o(m) = -7*m**3 - 31*m**2 - 28*m + 27. Let s(f) = 8*f**3 + 33*f**2 + 29*f - 29. Let t(v) = -7*o(v) - 6*s(v). What are the prime factors of t(-17)?
3, 7
Suppose 7*i = 536 + 892. Let x = i - 176. List the prime factors of x.
2, 7
Let r(d) = -325*d + 9. Let t be r(-3). Suppose -54*i + 62*i = t. What are the prime factors of i?
3, 41
Suppose 0 = -4*l + 5*p + 75154, 4*l - 43*p = -44*p + 75166. List the prime factors of l.
19, 23, 43
List the prime factors of (46/253)/((-10)/(-156035)).
2837
Let y = -123 - -122. Let s be 55 + 0*(y + (-1)/(-2)). Suppose 2*u - 203 + s = 0. List the prime factors of u.
2, 37
List the prime factors of (22695/1068)/(1/524).
5, 17, 131
Suppose -13 = 3*m - 34. List the prime factors of 4091/m - (-184)/322.
3, 5, 13
Let y be (16/(-24))/(1/(-516)). Suppose -n = -g + 6*g - y, 3*g = -4*n + 203. Suppose -g*w + 73*w - 500 = 0. List the prime factors of w.
5
Suppose -31*f = 114*f - 4643480 + 1120125. List the prime factors of f.
11, 47
Let x = -68 + 73. Suppose 2*i = x*y + 224, -3*y - 6 = 6. Let p = 215 - i. What are the prime factors of p?
113
Suppose -82*v = -349876 - 1009206 - 3966900. What are the prime factors of v?
64951
Suppose 17*l + 73374 = 3*i + 14*l, 5*l = i - 24438. List the prime 